 43, 27197
List the prime factors of 492980391.
3, 653, 27961
What are the prime factors of 39028407?
3, 11, 1182679
List the prime factors of 137968698.
2, 3, 7, 181, 18149
What are the prime factors of 209518024?
2, 26189753
List the prime factors of 4302657823.
17, 7823, 32353
What are the prime factors of 71469952?
2, 283, 1973
What are the prime factors of 74014791?
3, 211, 116927
List the prime factors of 89358612.
2, 3, 7, 71, 14983
What are the prime factors of 175397726?
2, 7, 12528409
List the prime factors of 121821837.
3, 29, 1400251
List the prime factors of 725050029.
3, 11, 197, 10139
What are the prime factors of 6495439552?
2, 7, 73, 198613
List the prime factors of 2828890787.
281, 523, 19249
List the prime factors of 368733097.
6827, 54011
List the prime factors of 2332288845.
3, 5, 3257, 15913
List the prime factors of 1847457640.
2, 5, 7, 6598063
List the prime factors of 6023391902.
2, 11, 273790541
What are the prime factors of 853206553?
73, 11687761
What are the prime factors of 607701239?
23, 59, 447827
List the prime factors of 2991087529.
2991087529
List the prime factors of 95339383.
17, 5608199
List the prime factors of 230699242.
2, 269, 428809
List the prime factors of 4384735340.
2, 5, 219236767
List the prime factors of 80262827.
80262827
What are the prime factors of 32519657?
17, 1912921
What are the prime factors of 1215122840?
2, 5, 1493, 20347
What are the prime factors of 115976291?
7723, 15017
What are the prime factors of 746424556?
2, 3511, 53149
List the prime factors of 1485555338.
2, 53, 14014673
What are the prime factors of 138997162?
2, 61, 1139321
What are the prime factors of 482264636?
2, 7, 17, 709, 1429
List the prime factors of 1181058389.
7, 37, 4560071
List the prime factors of 237376273.
47, 5050559
What are the prime factors of 930169295?
5, 11, 16912169
What are the prime factors of 291824504?
2, 47, 503, 1543
List the prime factors of 13143737.
17, 149, 5189
What are the prime factors of 86953606?
2, 17, 173, 14783
List the prime factors of 1919007502.
2, 73, 1951, 6737
What are the prime factors of 2099683040?
2, 5, 7, 13, 11093
What are the prime factors of 70937259?
3, 719, 32887
What are the prime factors of 659286670?
2, 5, 7, 1093, 1231
What are the prime factors of 4742589550?
2, 5, 94851791
List the prime factors of 47539017.
3, 277, 19069
List the prime factors of 127989902.
2, 113, 521, 1087
What are the prime factors of 42357053?
23, 139, 13249
List the prime factors of 9904362.
2, 3, 13, 43, 2953
List the prime factors of 70295148.
2, 3, 7, 11, 79, 107
List the prime factors of 34884037.
34884037
List the prime factors of 2972059978.
2, 1486029989
What are the prime factors of 48766664?
2, 6095833
What are the prime factors of 3459411258?
2, 3, 576568543
What are the prime factors of 2718647107?
11, 1511, 163567
What are the prime factors of 2128717?
61, 34897
List the prime factors of 92486411.
743, 124477
List the prime factors of 524667504.
2, 3, 10930573
List the prime factors of 153479157.
3, 13, 3935363
What are the prime factors of 42030259?
42030259
List the prime factors of 5726912760.
2, 3, 5, 523, 10139
List the prime factors of 556078584.
2, 3, 23169941
List the prime factors of 2754680.
2, 5, 17, 4051
What are the prime factors of 2469975668?
2, 173, 3569329
List the prime factors of 41047276.
2, 10261819
List the prime factors of 1378807085.
5, 1831, 150607
What are the prime factors of 952528927?
7, 11369, 11969
List the prime factors of 347821516.
2, 7, 79, 157243
List the prime factors of 79472987.
11, 43, 401, 419
What are the prime factors of 3166568966?
2, 11, 31, 4643063
What are the prime factors of 605699862?
2, 3, 100949977
What are the prime factors of 41982354?
2, 3, 777451
What are the prime factors of 2625024?
2, 3, 1709
List the prime factors of 263256273.
3, 7, 107, 797
What are the prime factors of 242426039?
1447, 167537
List the prime factors of 488110895.
5, 239, 408461
List the prime factors of 4029213369.
3, 4817, 278819
What are the prime factors of 739593488?
2, 5281, 8753
What are the prime factors of 6155380197?
3, 53, 1427, 9043
What are the prime factors of 9886788?
2, 3, 67, 4099
List the prime factors of 967570803.
3, 107507867
What are the prime factors of 383923342?
2, 11, 17, 661, 1553
What are the prime factors of 5177761686?
2, 3, 337, 853571
List the prime factors of 235169949.
3, 7, 11198569
List the prime factors of 83103648.
2, 3, 503, 1721
What are the prime factors of 71636315?
5, 1483, 9661
What are the prime factors of 3731576481?
3, 59, 7027451
What are the prime factors of 2917798783?
19, 167, 919571
What are the prime factors of 1310365604?
2, 327591401
List the prime factors of 60372396.
2, 3, 7, 107, 2239
List the prime factors of 45039056.
2, 2814941
List the prime factors of 201835899.
3, 22426211
List the prime factors of 9763165.
5, 101, 19333
List the prime factors of 83250856.
2, 13, 19, 42131
What are the prime factors of 1068599759?
359, 2976601
What are the prime factors of 254873649?
3, 23, 37, 99833
What are the prime factors of 126893631?
3, 103, 410659
What are the prime factors of 41204415?
3, 5, 7, 392423
List the prime factors of 365106396.
2, 3, 59, 515687
List the prime factors of 485671522.
2, 7, 34690823
What are the prime factors of 536413864?
2, 7, 37, 258887
List the prime factors of 83960120.
2, 5, 23, 263, 347
What are the prime factors of 3721571630?
2, 5, 7, 607, 87587
What are the prime factors of 63563024?
2, 7, 567527
What are the prime factors of 714730889?
714730889
List the prime factors of 894404718.
2, 3, 29, 59, 113, 257
List the prime factors of 221342076.
2, 3, 83, 74077
List the prime factors of 937956304.
2, 3331, 17599
List the prime factors of 20332073.
97, 179, 1171
What are the prime factors of 199862665?
5, 199, 200867
What are the prime factors of 73643943?
3, 19, 1291999
What are the prime factors of 131306776?
2, 17, 965491
List the prime factors of 135110767.
11, 19, 59, 10957
List the prime factors of 309294987.
3, 103098329
List the prime factors of 232795742.
2, 23, 5060777
List the prime factors of 280742016.
2, 3, 491, 1489
List the prime factors of 597874484.
2, 107, 1396903
What are the prime factors of 31744526?
2, 11, 71, 20323
What are the prime factors of 285657074?
2, 142828537
What are the prime factors of 3585893699?
19309, 185711
What are the prime factors of 50614435?
5, 2333, 4339
What are the prime factors of 251034486?
2, 3, 41839081
List the prime factors of 35452677.
3, 13, 909043
List the prime factors of 1667184479.
79, 367, 57503
List the prime factors of 49362034.
2, 3917, 6301
What are the prime factors of 28813876?
2, 7, 13, 79159
List the prime factors of 3471085389.
3, 1157028463
What are the prime factors of 78064020?
2, 3, 5, 144563
List the prime factors of 689830076.
2, 13, 23, 29, 19889
List the prime factors of 43190093.
43190093
List the prime factors of 534518984.
2, 3853, 17341
List the prime factors of 521203219.
53, 9834023
List the prime factors of 742737107.
7, 1049, 101149
What are the prime factors of 60685429?
7, 29, 298943
List the prime factors of 132313183.
2017, 65599
What are the prime factors of 124773867?
3, 151, 91813
What are the prime factors of 1930573590?
2, 3, 5, 11, 101, 57923
List the prime factors of 560757000.
2, 3, 5, 41, 47, 97
What are the prime factors of 1131231003?
3, 7, 577, 13337
What are the prime factors of 15946415?
5, 19, 229, 733
List the prime factors of 98333472.
2, 3, 1024307
What are the prime factors of 1318102712?
2, 8209, 20071
What are the prime factors of 119586692?
2, 67, 409, 1091
What are the prime factors of 45903456?
2, 3, 53129
What are the prime factors of 72819086?
2, 36409543
List the prime factors of 707821482.
2, 3, 117970247
What are the prime factors of 694075165?
5, 7, 1733, 11443
List the prime factors of 1462399266.
2, 3, 47, 5185813
What are the prime factors of 1589982157?
23, 31, 257, 8677
What are the prime factors of 58505993?
7, 13, 17, 59, 641
List the prime factors of 22099955.
5, 4419991
What are the prime factors of 1125639853?
13, 17, 31, 43, 3821
What are the prime factors of 934225936?
2, 7, 8341303
What are the prime factors of 1622894349?
3, 41,